ase 15) in base 7?
62220031
-111200220211110 (base 3) to base 4
-123301213221
31b539 (base 12) to base 10
787005
-268c4 (base 13) to base 11
-49a58
What is -a55b9 (base 12) in base 14?
-59061
What is 11101201110222 (base 3) in base 4?
20322200123
What is 158242 (base 9) in base 15?
1e00b
-41438 (base 13) to base 4
-130212230
1a21a4 (base 11) to base 2
1001011110001010110
What is -34144401 (base 6) in base 16?
-fe011
What is -e6c3 (base 15) in base 5?
-3030113
What is -25ab7 (base 13) in base 4?
-101010323
Convert -e840e (base 16) to base 3.
-1210022221201
-195062 (base 10) to base 2
-101111100111110110
245bbd (base 14) to base 6
42405311
-248808b (base 13) to base 3
-210102102020112
What is -33221220111 (base 4) in base 2?
-1111101001101000010101
3849 (base 15) to base 2
10111011011010
Convert 71462652 (base 8) to base 16.
e665aa
Convert dc4c9 (base 16) to base 11.
566a44
366854 (base 9) to base 4
312012100
Convert 6b42 (base 14) to base 13.
866a
2222203103 (base 5) to base 6
252344125
Convert 101320211212 (base 4) to base 7.
54564211
Convert 85696 (base 10) to base 13.
30010
What is -3225405 (base 9) in base 5?
-420321032
Convert -526446 (base 7) to base 13.
-32628
What is 5bbe23 (base 16) in base 15?
7db701
4124211221 (base 5) to base 9
16766284
What is 1330112013 (base 4) in base 3?
221212122200
-413444 (base 10) to base 12
-17b318
4217768 (base 10) to base 14
7bb132
What is 330100222 (base 4) in base 16?
3c42a
What is 288410 (base 10) in base 3?
112122121212
-316a8 (base 14) to base 15
-25546
What is 34ad52 (base 15) in base 14?
4975a9
What is d1c09 (base 14) in base 2?
1111011001011000001
What is 5023767 (base 9) in base 5?
1141020032
Convert 13131 (base 10) to base 5.
410011
What is -919256 (base 10) in base 7?
-10546022
-3026743 (base 8) to base 5
-201020204
Convert -2121022122 (base 4) to base 13.
-18c720
2469854 (base 11) to base 2
10000010110111010110010
What is 4180 (base 13) in base 4?
2031211
31221231 (base 5) to base 2
111110111010011011
Convert 1eb93 (base 15) to base 8.
304210
Convert -123000012 (base 4) to base 16.
-1b006
Convert -c64be (base 15) to base 14.
-125245
-3030340 (base 6) to base 7
-1136535
20210 (base 6) to base 12
1666
What is 45754 (base 12) in base 2?
10110100111110000
Convert 9687294 (base 10) to base 9.
20204420
What is -215462 (base 9) in base 15?
-281de
-57036 (base 16) to base 6
-11350010
1211001110110 (base 3) to base 13
27a629
Convert -43e3c (base 15) to base 13.
-77316
What is 379420a (base 11) in base 15?
89e6aa
-1110001011111011100011 (base 2) to base 9
-6887312
Convert 572851 (base 9) to base 13.
c0367
Convert -1a99b (base 12) to base 5.
-2230211
What is 10011110101011011 (base 2) in base 4?
103311123
-333302053 (base 6) to base 14
-b34093
42021153 (base 6) to base 4
10220312331
Convert 831452 (base 9) to base 11.
307591
What is -4354152 (base 6) in base 11?
-139344
Convert 2223001 (base 6) to base 15.
2333a
What is 449bf9 (base 16) in base 12?
160a0a1
What is 5db16d (base 15) in base 8?
21106245
Convert 303326 (base 10) to base 8.
1120336
Convert -10002204 (base 5) to base 12.
-39479
-123133301 (base 4) to base 8
-333761
What is 10011000100011011 (base 2) in base 8?
230433
Convert 64173 (base 13) to base 2.
101100000011000001
Convert 3431550 (base 6) to base 16.
2ad1a
842053 (base 11) to base 7
14320651
Convert 2222002202122 (base 3) to base 8.
6007317
14907084 (base 10) to base 15
1496da9
What is 111212222 (base 5) in base 8?
1700052
What is -110010100111101100011 (base 2) in base 13?
-460cc1
Convert 301142 (base 6) to base 7.
125552
What is -122251 (base 6) in base 5?
-322103
What is 12270624 (base 8) in base 11?
1595679
5aa7c (base 13) to base 11
104166
100132023 (base 4) to base 15
14ecc
Convert -1710a22 (base 12) to base 4.
-102013222322
1a3930 (base 11) to base 14
81cac
11002332011 (base 4) to base 5
314313020
What is 1002211220112 (base 3) in base 13?
17754b
-7cb18 (base 13) to base 3
-102120222210
-21023 (base 14) to base 16
-136f7
Convert -21153103 (base 6) to base 15.
-c4216
aab43a (base 13) to base 2
1111010110010010001000
What is -1110110010010001111110 (base 2) in base 4?
-32302101332
What is -2142410310 (base 5) in base 13?
-c6c35c
744a68 (base 14) to base 6
220133112
-101001000001111101011 (base 2) to base 4
-11020033223
Convert -134552324 (base 6) to base 12.
-b086a4
3121000031 (base 5) to base 12
2198457
What is -10010222103 (base 4) in base 6?
-34514523
1012133001103 (base 4) to base 8
106370123
Convert 110110000110100010100100 (base 2) to base 8.
66064244
Convert 20306466 (base 7) to base 8.
6367741
What is 132422 (base 8) in base 11?
31910
What is 1841724 (base 11) in base 15?
4199e2
3d4183 (base 14) to base 3
10222220210212
-331b1 (base 13) to base 14
-25a55
31a226 (base 14) to base 10
1679754
What is 431142 (base 6) in base 12?
184b2
What is -5abb (base 13) in base 4?
-3020131
Convert 140342121 (base 5) to base 7.
6036245
Convert -1021122210011 (base 3) to base 2.
-10100110100011001010
Convert 2dc91 (base 16) to base 12.
90641
-2050a9 (base 13) to base 11
-475301
-256357 (base 8) to base 12
-4383b
2500216 (base 10) to base 13
697024
What is -684308 (base 9) in base 16?
-6415d
-1367345 (base 8) to base 7
-3206431
What is 547b (base 16) in base 2?
101010001111011
Convert -15a4ba (base 12) to base 4.
-1122131032
Convert -24412422 (base 5) to base 14.
-608c5
-21223030 (base 4) to base 13
-15064
4303023 (base 5) to base 15
16628
What is -21130303200 (base 4) in base 14?
-486b28
Convert -1010313022 (base 4) to base 14.
-74b10
What is -1300210223 (base 4) in base 10?
-461099
-111111011010111100111 (base 2) to base 10
-2078183
2cc8436 (base 13) to base 7
233665031
-20939a (base 12) to base 4
-1331123212
Convert 55b94 (base 14) to base 9.
346386
311113033 (base 4) to base 15
44b6a
Convert -365265 (base 10) to base 14.
-97185
46881 (base 11) to base 9
112658
Convert 34074 (base 12) to base 4.
100321120
ac2c1 (base 14) to base 7
3356431
What is -82140 (base 13) in base 3?
-102211202110
-101011001010000 (base 2) to base 3
-1010022101
-1121244230 (base 6) to base 14
-190596a
What is 21c95 (base 16) in base 6?
2544405
744880 (base 10) to base 5
142314010
Convert 288534 (base 9) to base 6.
3442434
23220102 (base 4) to base 16
ba12
Convert 30341 (base 8) to base 7.
51324
Convert -2420030 (base 5) to base 11.
-30903
What is -3212560 (base 7) in base 14?
-a2167
What is 10110110000101011 (base 2) in base 16?
16c2b
Convert 201121221011202 (base 3) to base 14.
1557392
What is 2602b89 (base 12) in base 11?
4242445
Convert 2abc7 (base 13) to base 10.
81114
What is 12256bc (base 14) in base 12?
2ab5046
2001211120202 (base 3) to base 13
2c6318
What is -12327d6 (base 15) in base 7?
-216043206
146339 (base 12) to base 5
41430441
Convert 10000101120022 (base 3) to base 4.
12013013222
What is 12451423 (base 6) in base 12?
179b73
Convert 5240420 (base 7) to base 2.
10011010001101111001
What is -2cabd7 (base 14) in base 3?
-2221120201202
What is 332437 (base 8) in base 12?
54913
What is 94897 (base 11) in base 13?
4ab73
20c2a2 (base 13) to base 2
10111011110110001100
Convert -551c7 (base 15) to base 11.
-17518a
What is 24042412 (base 5) in base 16?
361a7
Convert 1022134110 (base 5) to base 11.
1236490
-1331200210 (base 4) to base 9
-863164
Convert -70523 (base 8) to base 15.
-88e1
Convert -12142314 (base 6) to base 4.
-1132123012
545727 (base 9) to base 2
1001111100001011110
63056 (base 13) to base 3
100001012122
Convert 100010001001100 (base 2) to base 11.
12155
What is -30078 (base 11) in base 6?
-535424
-110000020202 (base 3) to base 7
-2003102
36bca6 (base 13) to base 11
816452
50a58 (base 15) to base 2
111110010111100010
50a892 (base 11) to base 15
112cc4
What is -2121210011010 (base 3) in base 9?
-2553133
Convert 1076700 (base 9) to base 13.
175080
Convert -196c1 (base 15) to base 4.
-110021203
Convert -1100110001010100111000 (base 2) to base 12.
-1155448
-10a17e6 (base 15) to base 13
-2609538
What is 3d0921 (base 14) in base 7?
23655141
What is 157a (base 11) in base 5?
31043
-56935 (base 11) to base 7
-461665
-665e (base 15) to base 10
-21689
What is -13726 (base 9) in base 4?
-2101323
Convert -95cd6 (base 16) to base 9.
-1134616
What is 13502368 (base 9) in base 6?
355015312
Convert -201121120 